 What is the units digit of g/c + (-4)/(-6)?
4
Let u = -3 + 2. Let k(p) be the second derivative of 4*p**4/3 + p**3/2 + p**2 - 25*p. What is the units digit of k(u)?
5
Suppose 5*s + 5*o + 430 = 0, -6*o + o + 266 = -3*s. Let d = s + 174. What is the tens digit of d?
8
Suppose -81 = -2*q - 4*x - x, -134 = -3*q + 5*x. Let p = q + 132. What is the tens digit of p?
7
Let l(x) = -x**3 + 10*x**2 - 9*x + 3. Let m(n) = n**2 + 2*n + 1. Let w be m(-4). Let t be l(w). What is the units digit of (t + 0)*48/9?
6
Suppose 3*v + 2*x = 7*x - 8, -2*v - 4*x + 24 = 0. Suppose 3*s - 757 = -v. What is the units digit of s?
1
Let z be 12/4 + (-7)/1. Let w be (1 - -6) + 4 + z. Suppose -w + 1 = -j. What is the units digit of j?
6
Let b(w) be the first derivative of -w**2/2 + w - 72. Suppose -2*o - 3*o - 20 = -3*v, 2*v + 20 = -5*o. What is the units digit of b(o)?
5
Suppose 2 = -p + 2*p. Suppose p*t + 15 = -11. What is the tens digit of (42/4)/(t/(-26))?
2
Let h be 6/(-51) + 1131/221. Suppose -a = h*p - 39, -p = 9*a - 5*a - 251. What is the tens digit of a?
6
Let h(j) = j**3 + 14*j**2 - 14*j + 19. Let k be h(-15). Suppose 0 = -5*r - k*r + 351. What is the tens digit of r?
3
Let s be 1*2/(8/1108). Suppose -403 = -5*q + s. Suppose 5*w - q - 13 = -2*b, w = 3*b + 23. What is the units digit of w?
9
Suppose 2*q + 2 = 0, -4*q = -4*o - q + 15. Suppose -3*z = -2*n - 63, 2*n - o*z = -4*z - 59. What is the units digit of ((-12)/n)/((-2)/(-10))?
2
Let h(c) = -2*c + 14. Let q be h(-8). Suppose -m + 3*i = -q, 48 = 3*m - m - 2*i. Suppose -4*x - m = -185. What is the units digit of x?
1
Let x(m) = -369*m**3 - 1 + 0 + 272*m**3. What is the tens digit of x(-1)?
9
Suppose 35 = 3*o - 40. Suppose -v + 2*v - 862 = -3*q, 5*v = -o. What is the units digit of q?
9
Let y(s) = s**3 - 8*s**2 + 9*s + 18. Let j be y(6). Suppose 5*m = -d + 1014, 0 = -j*m - m - d + 202. What is the hundreds digit of m?
2
Suppose -4*q = -2*g + 8, 2*g - 3*q + 33 = 7*g. Suppose g*u = -l + u + 70, -2*l + 149 = u. What is the tens digit of l?
7
Let o(h) = -h + 23. Let p be o(23). Suppose 0*m + m - 206 = p. What is the hundreds digit of m?
2
Let b(z) = -2 + 15*z + 8 - 1. What is the units digit of b(4)?
5
Let b(s) = 18*s + 2*s**2 - 24*s - 10*s**2 + 27 - 1 - s**3. What is the tens digit of b(-8)?
7
Let o = -29 + 2961. What is the tens digit of o?
3
Suppose -y = n - 11, -4*n + n = 4*y - 47. Suppose y + 2 = -2*z. Let l = 13 + z. What is the units digit of l?
5
Suppose -42 = -f + 44. Let c = f - 12. What is the units digit of c?
4
Suppose 18*m = 21530 + 17926. What is the tens digit of m?
9
Let w = 849 - 556. What is the hundreds digit of w?
2
Let n(r) = -r**2 + 3*r + 4. Let s be n(0). Let w(o) = 12*o - o**3 - s*o**2 + 6*o**2 + 0*o**3 + 6*o**2 - 10. What is the units digit of w(9)?
7
Let u = -196 - -399. What is the units digit of u?
3
Let b = -286 + 915. What is the units digit of b?
9
Let q = 1717 - 905. What is the hundreds digit of q?
8
Suppose 333 - 1037 = 2*b. Let c = b + 596. What is the tens digit of c?
4
Let h(k) = k**3 + 9*k**2 - 13*k - 25. Let z be h(-10). Suppose -72 = -r - z. What is the units digit of r?
7
What is the units digit of ((-7)/(-3) - 2)/(37/6327)?
7
Let o = 291 + 183. What is the tens digit of o?
7
Let b = 56 + -60. What is the units digit of (43 - 8/2) + b?
5
Let c = 417 - -94. What is the tens digit of c?
1
Let b(f) = 77*f**3 - 4*f**2 + 4*f. What is the tens digit of b(2)?
0
Let t(k) = 29*k**3 - 7*k**2 - 2*k + 16. What is the hundreds digit of t(5)?
4
What is the thousands digit of 3/1*8455/19?
1
Suppose -6*t - 2*m = -14236, -5*m = 24*t - 27*t + 7088. What is the thousands digit of t?
2
Suppose 0 = 58*t - 55*t - 1377. What is the tens digit of t?
5
Suppose 0*n = n - 4. Let j be 2 - -3*n/12. Suppose -1 = j*p - 2*p - 3*a, p - 13 = -4*a. What is the units digit of p?
5
What is the thousands digit of 368544/160 - (-9)/15?
2
Suppose 0 = 4*l + 3*k - 11, 2*l + 5 = -0*l - 5*k. Suppose -r - 2 = -l. Suppose m + 39 = r*h - 4, 0 = 4*h - 2*m - 60. What is the tens digit of h?
1
Let v(t) = -t**3 - 18*t**2 - 35*t + 7. What is the units digit of v(-19)?
3
Suppose 92 = -3*f - b, 5*f = -2*b + 6*b - 142. Let j = 34 + f. Suppose -j*i - 3*i = -511. What is the tens digit of i?
7
Let o = -76 + 166. What is the hundreds digit of (2 + (-106)/(-5))*o/18?
1
Let s(x) = 53*x**2 + 13*x + 32. What is the units digit of s(-5)?
2
Let b be (2 + 1)*-1 + (-652)/(-4). Suppose -3*x + 250 = 2*a, -x - x + 2*a + b = 0. What is the tens digit of x?
8
Let l = 76 + -72. Suppose l*w = -4*u + 640, -w = 4*u - 17 - 137. What is the units digit of w?
2
Let l = -1623 + 2812. What is the units digit of l?
9
Suppose 2*u = 6*u. Suppose 10*o - 12*o + 48 = u. What is the tens digit of o?
2
Let d = 74 + -29. Suppose -s + d + 56 = 0. What is the units digit of s?
1
Let j(s) = -2*s**3 - 4*s**2 - 4*s - 4. Let r be j(-4). Let v = 74 + r. Suppose -5*q + t - 49 = -299, 3*q - v = -3*t. What is the tens digit of q?
5
Let z be 0*(-1)/(-2) - 22. Let j be (z*1)/(-8 - -7). What is the units digit of j - ((-1)/(-1) + -1)?
2
Suppose -4*g = 4*x - 12, -g + 5*x + 2 + 1 = 0. Suppose 117 + 96 = g*d. What is the tens digit of d?
7
Let w(n) = -n**3 + n**2 + 6. Let q be w(0). Let r = -25 + 175. Suppose -q*v + r = -v. What is the tens digit of v?
3
Suppose -17*w + 25253 - 7828 = 0. What is the thousands digit of w?
1
Suppose -4*t + 43 = -3*d - 0*d, 67 = 4*t + 5*d. What is the tens digit of (t - 3)*131/5?
6
Let a = 16 + -5. Let g = a - 11. Suppose g*k - 4*k + 52 = 0. What is the units digit of k?
3
Let u(j) = 9*j**2 - 9*j - 10. Let b(z) = -4*z**2 + 5*z + 5. Let c(v) = 7*b(v) + 3*u(v). Let g = 143 - 136. What is the tens digit of c(g)?
1
Let s = -51 + 53. Suppose s*u - 590 = -3*i, 2*i + 5*u - 398 = 6*u. What is the tens digit of i?
9
What is the units digit of (-178)/(-8)*(-144)/(-18)?
8
Let l = 486 + 90. Suppose -l = -2*m - 38. What is the hundreds digit of m?
2
Let p(m) = -2*m**3 + 3*m**2 + 3*m + 1. Let h = -31 - -30. Let i be p(h). What is the tens digit of 1/i*(3 + 108)?
3
Suppose 4*y - 4774 = 3*t, -5*y + 3*t - 2*t + 5962 = 0. What is the thousands digit of y?
1
Let j(o) = -2*o**2 - 1. Let f be j(-1). What is the tens digit of (6/(-15))/(f/435)?
5
Suppose -11*h - 364 = -7*h. What is the units digit of (-156)/h*126/4?
4
Suppose a = -0*a + 6. Suppose 0 = a*i - 517 + 67. What is the units digit of i?
5
Let h(b) = 3*b + 3. Let o be h(-3). Let u = 8 + o. Suppose 0 = a - 0 - u. What is the units digit of a?
2
Suppose 3*n - 4 = -5*r, -4*n = -3*n - 4*r - 7. What is the units digit of n + (4 - -66) + -1?
2
Let a(v) = 215*v**2 - 7*v - 6. What is the hundreds digit of a(-1)?
2
Let w be (12/10)/(-3) + 187/55. Suppose 4*l - 399 = -9*p + 6*p, 0 = -p - w*l + 128. What is the hundreds digit of p?
1
Let d(u) = 651*u**3 + u**2 + u - 2. Let m be d(1). Suppose -3*v = 5*z + 36 - m, -5*v = 25. What is the units digit of z?
6
Let u(n) = 2*n**2 + 8*n - 14. What is the hundreds digit of u(13)?
4
Let p(y) = -5*y**3 + y**2 - 1. Let s be p(-1). Suppose 3*z = 4*v - 12, s*v - 21 = 5*z - 6. Suppose 8*x - 40 = v*x. What is the units digit of x?
8
Let s(a) = 2*a + 16. Let f be s(-8). Suppose f = 4*p + g - 4, g + 12 = -4*p + 4*g. Suppose 4*x + 20 = p, -4*t = -0*x + x - 167. What is the units digit of t?
3
Let z = 105 - 99. Let t(a) = 4*a - 1. Let s be t(1). Suppose -s*n = -6*n + z. What is the units digit of n?
2
Let x be (3 - -8) + (-1 - 0). Let t be (8/x)/((-34)/(-85)). What is the units digit of t/((8/(-116))/(-1))?
9
Let l(w) = w - 10. Let h be l(7). What is the tens digit of 3/(h*4/(-152)*2)?
1
Let b = 112 + -75. Let h = b - 27. Suppose -3 = -x + h. What is the units digit of x?
3
Let y(g) = g**3 + 7*g**2 + 4*g - 10. Let m be y(-6). Suppose 124 = m*b - 6. What is the tens digit of b?
6
Suppose -3*y + 2 = 2*u + 26, 5*y + 53 = u. What is the hundreds digit of (-6)/y - 637/(-5)?
1
Let w = 4347 - 951. What is the hundreds digit of w?
3
Suppose 0 = -6*u - 570. What is the tens digit of 4 + 0 + (1 - u)?
0
Let b = -16 - -21. Suppose b*m + 7 - 27 = 0. Suppose 0 = -k + 4*h - 2*h + 39, 0 = -m*k - 5*h + 117. What is the units digit of k?
3
Let x(h) = h**3 + 15*h**2 + 6*h - 7. Let v be x(-12). Suppose -5*m = u - v, m = -m + 2*u + 146. What is the units digit of m?
1
Let q = 982 - 588. What is the units digit 